 23 = -m - 5*o. What is the units digit of m/(-2) + 3/3?
5
Suppose 0 = t - 5 + 3. Let q = t - -3. What is the units digit of q?
5
Let b be (-6 + 5)/(1/(-3)). Suppose 0 = -i - 3*i + 2*p + 146, -2*p - 110 = -b*i. Suppose c - 5*c = -i. What is the units digit of c?
9
What is the units digit of (0/1 - -1) + 7?
8
What is the hundreds digit of ((0 + 1)*4)/(6/156)?
1
Let q(b) = 4*b. Let l(y) = -5*y + 1. Let j(d) = 3*l(d) + 4*q(d). Let p(m) = m**3 - 6*m**2 + 5*m + 4. Let t be p(5). What is the units digit of j(t)?
7
Let j(n) = -n**2. Let x be j(1). Let h(d) = -3*d**3. What is the units digit of h(x)?
3
Suppose 3 = 3*z - 2*z. Suppose d + 2*m + 18 = 0, 4*d + 0*m + 47 = -z*m. Let g = 1 - d. What is the units digit of g?
9
Let k(p) = 12*p**3 - 2 + 1 + p**3. What is the units digit of k(1)?
2
Suppose -7*i + 8 = -5*i - x, 4*i + x - 22 = 0. Suppose f - 25 = -y - 0*y, -3*y + 123 = i*f. What is the units digit of f?
4
Let g(y) be the first derivative of 1/3*y**3 + 7/2*y**2 - 6*y + 2. What is the units digit of g(-8)?
2
Suppose 0 = -5*b + 18 - 8, -60 = 3*o - 3*b. Let f = 47 + o. What is the units digit of f?
9
Let i(m) = -5*m + 5. Let y(q) = 6*q - 4. Let h(x) = 2*i(x) + 3*y(x). Let v be h(4). Suppose -2*j + 19 = -5*o, 5*o + v + 10 = 5*j. What is the units digit of j?
7
Let d = -8 + 71. What is the units digit of d?
3
Let s(u) = -u**2 - u + 6. Let r be s(0). What is the units digit of r/(-14) + 266/49?
5
Let w = -1 + -7. Let r = w - -11. Suppose -2*h - r*h = -65. What is the units digit of h?
3
Let f(h) = -h**2 - 7*h - 1. Let n be f(-7). Let w = n - -5. What is the units digit of w?
4
Let s be (-12)/(-7) - 12/(-42). What is the units digit of (-81)/6*s/(-3)?
9
Let q(w) = w + 1. Let d(j) = j**3 + 3*j**2 - 9*j - 9. Let h(x) = -d(x) - 6*q(x). What is the units digit of h(-4)?
7
What is the units digit of (-61)/(-3) - 1/3?
0
Let i = -170 - -110. What is the units digit of (-2)/3*i/8?
5
Let x(r) = -17*r - 10. What is the units digit of x(-13)?
1
Let w(q) = 19*q**3 + 2*q**2 - 1. Let b be w(1). Suppose 89 = 3*p + b. What is the units digit of p?
3
Suppose u + 9 = -2*u. Let a = 6 + u. Suppose -2*k - 3*r = -18, 2*k - 24 = -k - a*r. What is the units digit of k?
6
Suppose 6*q - 4*q + 410 = 5*i, 3*q - 410 = -5*i. What is the tens digit of i?
8
Let y = 1 + 3. What is the units digit of y?
4
Let p(c) = -c**2 + 9*c - 2. Let h be p(5). Suppose 2*d + h - 58 = 0. What is the tens digit of d?
2
Let q(n) = 9*n. Let s be q(1). Suppose 3*j - 16 = 4*u - 4, -4*j + 3*u + s = 0. What is the tens digit of 1*(j/3 + 12)?
1
Suppose -4*m = 5*q - 239, -4*m + 146 = -5*q - 103. What is the units digit of m?
1
Let a be (0 - 4)*(0 - -1). Suppose -g - 3*j = -4, -24 = -3*j - 9. Let o = a - g. What is the units digit of o?
7
Suppose -6 = -5*r - 86. Let y(h) = h**3 - h - 26. Let o be y(0). Let u = r - o. What is the tens digit of u?
1
Suppose 4*x - 264 = -40. What is the tens digit of x?
5
Suppose 3*m + 5*o - 63 = 17, -3*m + 5*o + 100 = 0. What is the units digit of m?
0
Let h(i) be the third derivative of -i**5/60 - 11*i**4/24 - 3*i**3/2 - 5*i**2. What is the units digit of h(-7)?
9
Suppose -12*d - 166 = -10*d. Let x = d + 116. What is the units digit of x?
3
Suppose -2*g = -5*o - 473, -4*o = 4*g - 0*o - 876. What is the units digit of g?
4
Suppose 4*a - 4 = -4*z, -5*a + 3 = -0*a + 4*z. Let y = 8 - a. What is the units digit of y?
9
Suppose 4*v - 4*f - 2 = 98, 3*f - 157 = -5*v. Suppose -53 = -5*o - 2*i + 80, -o = -2*i - v. What is the tens digit of o?
2
Let p = 7 - 63. Let m = -22 - p. What is the units digit of m?
4
Let q = 18 + 5. What is the units digit of q?
3
Suppose 4*t = 3*u - 0*u - 6, 15 = 5*u - 5*t. What is the units digit of 3*(10/u - 1)?
2
Let j be 5/(-2)*(-4)/5. Let r(p) be the third derivative of p**5/20 - p**4/6 + p**3/3 + p**2. What is the units digit of r(j)?
6
Suppose 4*w - 15 = 3*w. What is the units digit of 24/w + (-6)/(-15)?
2
Suppose 4*x = -0*x. Suppose 104 = 5*j + 3*m - 0*m, -4*j - 4*m + 88 = x. Let s = j - 11. What is the units digit of s?
8
Let c be -60*-2*9/12. Suppose 12*t - 15*t = -c. What is the tens digit of t?
3
What is the tens digit of -96*(-2)/(-9)*-3?
6
Let r be 2/(-18)*-3*3. Let f = 4 - r. Suppose 0*t = -3*x + 3*t + 30, -f*t = 4*x - 19. What is the units digit of x?
7
Let l(g) be the third derivative of -g**5/60 + g**4/24 - 5*g**3/6 + g**2. Let t be l(0). What is the units digit of t/(-2)*(-90)/(-25)?
9
What is the tens digit of (-15)/(-4) + (-36)/48 - -90?
9
Suppose -2*d - 4*y + 276 = 0, -3*d = -0*d - 5*y - 392. What is the units digit of d?
4
Suppose 4*s + 43 = 5*l, 0 = 2*s + 3*l + 2*l - 1. Let n = s - -12. Let v = n + -2. What is the units digit of v?
3
What is the units digit of (-4)/34 + (-8916)/(-68)?
1
Let m = 14 + -13. What is the units digit of m?
1
Let d = -26 - -53. What is the units digit of d?
7
Suppose 5*y - 4*s - 235 = 0, 4*y + 4*s - 29 = 195. What is the units digit of y?
1
Let u(n) = -n + 26. Suppose h + 2*z + 2 = 0, -2*z + 1 - 3 = -5*h. What is the tens digit of u(h)?
2
Suppose -92 = -v + 13. What is the units digit of v?
5
Let m = -4 + 7. Suppose 3*u = -0*u + 2*t + 16, -18 = -4*u + 2*t. Suppose l - 20 = -4*y, u = m*y - 0*y + 4*l. What is the units digit of y?
6
Let h be (4/8)/(2/(-12)). What is the units digit of (-3 - 0)/h - -1?
2
Let c(u) be the third derivative of u**5/30 - u**4/24 - 13*u**3/6 + 3*u**2. Let k(p) = -p**2. Let z(j) = -c(j) - k(j). What is the units digit of z(0)?
3
Suppose 0 = -r + 17 + 10. What is the units digit of r?
7
Let m be -2 - (-4 - -1) - 1. Let j(c) = c**2 - 7*c + 10. Let i be j(7). Suppose -3*q + m*q + 4*d = i, 4*d - 26 = -5*q. What is the units digit of q?
2
Let f(r) = r**3 + 3*r**2 - 6*r - 5. Let u be f(-4). What is the units digit of 3/u - (-9 - -1)?
9
Suppose 28 = z - 7. Let u = z + -21. Suppose 5*n - u = 11. What is the units digit of n?
5
Let n(b) = 2*b**3 - 2*b**2 + b - 2. Let x(a) = a**2 + 5*a + 2. Let i be x(-5). Let r be n(i). What is the units digit of (-1)/(-4) - (-86)/r?
1
Suppose -182 - 158 = -4*b. What is the units digit of b?
5
Let y = -17 + 19. Suppose 12 = 4*r, y*r + 5 = c - 10. What is the units digit of c?
1
Let k = -4 - -9. Let h = 36 - k. What is the units digit of h?
1
Suppose 4*c - 6*z - 26 = -3*z, -3*z - 6 = 0. Suppose 50 = c*f - 0*f. What is the units digit of f?
0
Let i(x) = -4*x + x - 13*x + 3 - 4. What is the tens digit of i(-1)?
1
Let x(i) = 2*i + 0*i + 4*i - 4*i - 5. What is the units digit of x(6)?
7
Let h(p) = -p**3 + 10*p**2 + 10*p + 16. Let y be h(11). Suppose -19 = -y*a + 1. Suppose 3*s + 4 = -3*t + 43, -a*s = 2*t - 30. What is the units digit of t?
1
Let a = -6 + -2. Let s = 17 + a. What is the units digit of s?
9
Let d = -1 - -8. Let l(w) = -10*w - 10. Let j(r) = -3*r - 3. Let x(h) = d*j(h) - 2*l(h). What is the units digit of x(-3)?
2
Let o = 7 + -4. Suppose t + s + 26 = -4*s, 5*t - 2*s + 22 = 0. What is the units digit of (o + (-21)/6)*t?
3
Suppose -5*l = -19 - 6. Suppose -3*d + 31 = -l. What is the units digit of d?
2
Let h(m) = -2*m + 6. Let b be (2/1)/((-1)/(-3)). Let d be h(b). What is the units digit of (-4)/d*90/4?
5
Suppose -3*h = -7*h + 16. What is the units digit of h?
4
What is the tens digit of 37 + ((-116)/(-30) - 4/(-30))?
4
Let a = -363 - -529. What is the units digit of a?
6
What is the units digit of 28/98 - 304/(-14)?
2
Suppose -10*q + 9*q + 340 = 0. What is the hundreds digit of q?
3
Let h = 107 + -96. What is the units digit of h?
1
Let i = 0 + -5. Let f = 7 + i. Suppose 4*s - 20 = 0, 3*s - 45 + f = -4*a. What is the units digit of a?
7
Let v(n) = -15*n + 4. What is the tens digit of v(-2)?
3
Suppose 0 = 2*p - 25 + 3. Suppose 2*d + 9 = -4*s - 5, -3*d - 4*s - p = 0. Suppose 0*a - d*a + 21 = 0. What is the units digit of a?
7
Let m(w) = -w**2 + w + 20. Let v(s) = -2*s**2 + s + 20. Let q(y) = 3*m(y) - 2*v(y). Let i be q(0). Suppose -5*d + i = -15. What is the units digit of d?
7
Let b = -6 + 9. Suppose -b*n = 2*n. What is the tens digit of 2 + 18/(n + 2)?
1
Let u be (2 - 2)*(-2 - -3). Suppose 2*r + 3 = j, 3*r + u*r = -5*j + 80. What is the units digit of j?
3
Let n be 5 + (-3)/(-6)*0. Suppose -2*g + 43 = 15. Let z = g - n. What is the units digit of z?
9
Let l(z) = 2*z**3 + z**2 - z + 1. Let q(g) = g - 6. Let d be q(7). What is the units digit of l(d)?
3
Le